 is 1586 - 7?
157a
In base 7, what is 13430463 + 5?
13430501
In base 16, what is 145 + c?
151
In base 5, what is 1103 + 431?
2034
In base 16, what is b7 + fd?
1b4
In base 11, what is 36024 + 1?
36025
In base 10, what is 1246 + 33?
1279
In base 13, what is 320a416 - -3?
320a419
In base 9, what is -668 + 1376?
607
In base 15, what is 994 - -2?
996
In base 6, what is 0 + 14552312?
14552312
In base 10, what is -33 - -85151?
85118
In base 3, what is -20010121111 + -20?
-20010121201
In base 2, what is 1001110011101010 - 1000?
1001110011100010
In base 2, what is 11000 + 111000101100?
111001000100
In base 16, what is -1 - 26b52?
-26b53
In base 10, what is 18801 + -3?
18798
In base 7, what is 6 + -6353?
-6344
In base 15, what is -10 - 527?
-537
In base 11, what is 8230 - -a9?
8329
In base 16, what is -b - 770b?
-7716
In base 14, what is -1050 + -1d?
-106d
In base 5, what is -202 + 140440?
140233
In base 14, what is -857 - 86?
-8dd
In base 9, what is -20 + -13725?
-13745
In base 15, what is 96 - -188?
22e
In base 6, what is -55 + 2505?
2410
In base 13, what is -3 - -4168a?
41687
In base 10, what is 50 + 1804?
1854
In base 4, what is 3003203 - 23?
3003120
In base 10, what is -12 - -6660?
6648
In base 9, what is -25784 - -2?
-25782
In base 5, what is -1324 - -11103?
4224
In base 16, what is 1ae - 28c?
-de
In base 15, what is -5a3 + -4?
-5a7
In base 3, what is 20010 - -120010?
210020
In base 16, what is 3 + -23d95?
-23d92
In base 11, what is -10 + -123183?
-123193
In base 13, what is 7 + b3b3?
b3ba
In base 14, what is 0 + 10798?
10798
In base 10, what is 29 + 224?
253
In base 2, what is 110 + -10101100011010?
-10101100010100
In base 7, what is -2436301 - 3?
-2436304
In base 11, what is 81a - -43?
862
In base 11, what is 778 - 37?
741
In base 13, what is 5c9 + -1?
5c8
In base 2, what is -111100001101 - -11?
-111100001010
In base 11, what is 52 - 11780?
-11729
In base 10, what is 13 + 4753?
4766
In base 13, what is 15b + 80a?
968
In base 15, what is -6d2 - -16?
-6bb
In base 7, what is 1400 - 1015?
352
In base 6, what is 53 - 10333?
-10240
In base 12, what is 6 - -3860?
3866
In base 10, what is -6867 - -67?
-6800
In base 15, what is 534 - 505?
2e
In base 16, what is -164c + 26?
-1626
In base 3, what is 222022011200 - -12?
222022011212
In base 4, what is 21120 + 20031?
101211
In base 15, what is 3 + -d289?
-d286
In base 3, what is -22201 + 21101220?
21002012
In base 13, what is 3a + -5c2?
-585
In base 5, what is -40 + -424243?
-424333
In base 6, what is 3 + 10214?
10221
In base 16, what is 2 + -5e9?
-5e7
In base 13, what is 12bc66 - 0?
12bc66
In base 13, what is -7 - 1c0b2?
-1c0b9
In base 16, what is -6 + 41afe?
41af8
In base 2, what is 101011 - 1010000111?
-1001011100
In base 16, what is -63c03 + -5?
-63c08
In base 12, what is 67 - 995?
-92a
In base 3, what is 2010 - 1001000?
-221220
In base 3, what is 2200 + 10210?
20110
In base 15, what is -74a30 + 7?
-74a28
In base 14, what is 3 + -11660?
-1165b
In base 16, what is 24 + 394b?
396f
In base 12, what is 2 + 45b54?
45b56
In base 12, what is 16 + -331b?
-3305
In base 10, what is -38 - 4710?
-4748
In base 11, what is -11504 - -6?
-114a9
In base 12, what is 2 + b7000?
b7002
In base 14, what is -10 - -2401?
23d1
In base 10, what is -3498 - 20?
-3518
In base 4, what is -31 + 202222?
202131
In base 5, what is 2002124 - -1242?
2003421
In base 10, what is 5441544 + -1?
5441543
In base 3, what is 100111 - -2?
100120
In base 9, what is 56 + -7352?
-7285
In base 10, what is -3207 - 361?
-3568
In base 16, what is -8d6 + -161?
-a37
In base 8, what is -2775 - 5?
-3002
In base 16, what is -cc1b - -24?
-cbf7
In base 6, what is -41004 + 1021?
-35543
In base 5, what is -144 - -10203401?
10203202
In base 11, what is -aa + -22559?
-22658
In base 14, what is 2 + -3d41?
-3d3d
In base 5, what is -10 + 304123?
304113
In base 12, what is 633b - -104?
6443
In base 14, what is -5 + 58c?
587
In base 2, what is 10100001 + 1111000110000?
1111011010001
In base 2, what is 10 + 111000101110111?
111000101111001
In base 14, what is 5 + 1d0d?
1d14
In base 3, what is -211 + -100212011?
-100212222
In base 9, what is 3 + -38584?
-38581
In base 13, what is 219 + -46c?
-253
In base 11, what is -3 + 63441?
63439
In base 7, what is 40 - 10116?
-10046
In base 4, what is -1 - -11011112?
11011111
In base 5, what is 3 - 131111?
-131103
In base 6, what is 422443 + 22?
422505
In base 2, what is -11011111100100 - -10000010?
-11011101100010
In base 8, what is 2 - -621427?
621431
In base 3, what is 1 - -220200212?
220200220
In base 16, what is 10 + c0d3?
c0e3
In base 10, what is -6660 - -264?
-6396
In base 16, what is -13 - 100?
-113
In base 2, what is -101 - 100101110001110010?
-100101110001110111
In base 6, what is -2102 - 1042?
-3144
In base 11, what is -2 + a62411?
a6240a
In base 2, what is -1110001011000110011110 - 100?
-1110001011000110100010
In base 3, what is 1102021010101 + 2?
1102021010110
In base 16, what is 3 + 20e0f?
20e12
In base 14, what is -8 - -216d?
2165
In base 14, what is -25 - -4c?
27
In base 11, what is -344a + 11?
-3439
In base 12, what is 6 - -2476?
2480
In base 9, what is -2658 - -173?
-2475
In base 12, what is -b + 7b22?
7b13
In base 4, what is -10 - 3231230032?
-3231230102
In base 11, what is 17 + 26562?
26579
In base 8, what is 2215 - -172?
2407
In base 8, what is 513553 - 0?
513553
In base 6, what is 444351 + -10?
444341
In base 13, what is -920b1 + 1?
-920b0
In base 13, what is -3696 - 342?
-3a08
In base 10, what is 1 - 6749?
-6748
In base 8, what is -5 - 453075?
-453102
In base 7, what is -1405 + 2146?
441
In base 16, what is 47e2 - 45?
479d
In base 11, what is 4873a9 - 2?
4873a7
In base 8, what is -430 + -26421?
-27051
In base 14, what is -1381 + 30?
-1351
In base 10, what is -23 - -223?
200
In base 9, what is -1 + 42528?
42527
In base 6, what is -504 - 33303?
-34211
In base 6, what is -1 - 214240?
-214241
In base 6, what is 54 + -4110?
-4012
In base 3, what is -221001001 + -11?
-221001012
In base 2, what is 1010110010111001111 + -101?
1010110010111001010
In base 12, what is -33a10 + 30?
-339a0
In base 3, what is -12020 - 11110?
-100200
In base 11, what is 3 + -1a119?
-1a116
In base 5, what is -13043 - -1?
-13042
In base 13, what is 27533 - -3?
27536
In base 6, what is -25154 - -12?
-25142
In base 2, what is -10 - 100001001111101100000?
-100001001111101100010
In base 13, what is 17b + -141?
3a
In base 4, what is 1002 + -22323?
-21321
In base 8, what is -15 + 141013?
140776
In base 11, what is 11 - -143a40?
143a51
In base 12, what is 160aa - 4?
160a6
In base 3, what is 10 - -21101022101?
21101022111
In base 2, what is -100000001100101110 + -10?
-100000001100110000
In base 2, what is 0 + 11010101000001?
11010101000001
In base 8, what is 15 + -1261266?
-1261251
In base 3, what is -100120011 + -2211?
-100122222
In base 3, what is 11 - -121212111?
121212122
In base 3, what is -1102011 - -2110?
-1022201
In base 5, what is 4 - -332440221?
332440230
In base 11, what is -4 - 33185?
-33189
In base 11, what is -7 - 2873?
-287a
In base 16, what is -2b + aa4?
a79
In base 7, what is -3000431 - -5?
-3000423
In base 11, what is 69 - 859?
-7a0
In base 2, what is 1011000 - -10101110111011?
10110000010011
In base 16, what is -bb + 339?
27e
In base 3, what is 1222210 - 10?
1222200
In base 13, what is -9488 + -2?
-948a
In base 7, what is -2 - 106400?
-106402
In base 10, what is -300 + 80?
-220
In base 13, what is -2 - -30c31?
30c2c
In base 12, what is 2500 + 20?
2520
In base 15, what is -12cc0 + -14?
-12cd4
In base 9, what is 0 - 640773?
-640773
In base 6, what is 404 + -30301?
-25453
In base 9, what is -5307 - -32?
-5265
In base 11, what is -74 + -24a1?
-2565
In base 11, what is -2334 + -5?
-2339
In base 8, what is 1543760 + 1?
1543761
In base 14, what is -bb36c + -5?
-bb373
In base 13, what is -2281 - -1?
-2280
In base 3, what is 2102221102212 - -11?
2102221110000
In base 8, what is 3 - 261234?
-261231
In base 3, what is -10 - -212020001?
212012221
In base 7, what is -34506 + 20?
-34456
In base 8, what is 245 + -573?
-326
In base 16, what is -1c7 - -d6?
-f1
In base 7, what is 13104335 + -2?
13104333
In base 11, what is -5 - -a593?
a589
In base 7, what is -523516 - -33?
-523453
In base 8, what is -246726 + -11?
-246737
In base 16, what is -18 +